base 10?
96376
What is 6971512 (base 10) in base 13?
15a1272
What is -1648878 (base 9) in base 10?
-918530
What is 36b643 (base 12) in base 14?
192911
21e9c2 (base 15) to base 8
6131620
Convert 88110 (base 12) to base 15.
38463
-5706676 (base 8) to base 6
-53030210
What is -30308 (base 15) in base 2?
-100101001111101110
Convert 35952 (base 13) to base 14.
27b44
81357 (base 9) to base 10
53512
What is -206505 (base 8) in base 6?
-1251045
Convert -1102020011212 (base 3) to base 13.
-204656
Convert d4b40 (base 15) to base 10.
674160
What is -8a29ed (base 15) in base 3?
-110101211010021
121223 (base 7) to base 16
5633
-7477345 (base 9) to base 15
-542682
74011 (base 11) to base 7
626232
Convert -1011011010111111101110 (base 2) to base 11.
-1765612
What is 1070229 (base 10) in base 6?
34534433
What is -1390a9 (base 15) in base 16?
-e5ed8
What is 202102223 (base 4) in base 13?
4bc17
291a2 (base 11) to base 14
1119c
-1b2226 (base 16) to base 15
-251d29
What is 1840426 (base 9) in base 6?
34030253
What is 224b9 (base 13) in base 15?
13714
Convert 111122011 (base 5) to base 14.
ca2d0
What is -110100000111100111111 (base 2) in base 10?
-1707839
What is -3247818 (base 9) in base 10?
-1744433
3846742 (base 10) to base 5
1441043432
What is -4402123412 (base 5) in base 16?
-8f9a23
Convert 4104021240 (base 5) to base 10.
8267070
What is -78192 (base 16) in base 5?
-111220142
Convert eae6 (base 15) to base 14.
14192
Convert 173bd30 (base 14) to base 11.
6505875
-ba21 (base 13) to base 14
-960c
-1343240110 (base 5) to base 10
-3493155
What is 22102101100001 (base 3) in base 4?
101010222313
Convert -d25d1 (base 14) to base 7.
-4205251
Convert -113231240 (base 5) to base 11.
-328714
7a0813 (base 11) to base 3
2101202121221
Convert -172830 (base 11) to base 9.
-446470
What is -2c08b (base 16) in base 12?
-88463
-180115 (base 10) to base 16
-2bf93
Convert -368662 (base 10) to base 2.
-1011010000000010110
Convert -11a636 (base 12) to base 10.
-287754
Convert -714430 (base 8) to base 2.
-111001100100011000
What is 2222100101 (base 3) in base 2?
1110010011001101
-13324211230 (base 5) to base 13
-36b01c9
Convert 31111026 (base 7) to base 9.
4814260
What is -203a40 (base 16) in base 8?
-10035100
What is 6c48 (base 15) in base 12?
113a2
-21004026 (base 7) to base 15
-24d46c
What is -26243154 (base 7) in base 12?
-977403
Convert 326429 (base 12) to base 11.
4a6294
Convert -23011210 (base 4) to base 11.
-31134
Convert -116433 (base 14) to base 7.
-5021263
What is dc3d4 (base 15) in base 16?
aac6b
Convert 32212011 (base 4) to base 10.
59781
Convert 4510260 (base 7) to base 6.
15535300
Convert -2170d7b (base 14) to base 16.
-f22231
Convert -65750 (base 13) to base 5.
-21333344
What is 423d7b (base 14) in base 2?
1000100010101000101001
Convert 4143787 (base 10) to base 13.
b2115b
What is 472084 (base 9) in base 7?
2260663
-c590 (base 13) to base 16
-6abe
553245 (base 8) to base 13
66894
What is 112d72 (base 14) in base 3?
1002200121120
Convert -251030 (base 6) to base 4.
-11123322
What is -4122342 (base 5) in base 8?
-203226
-20232202331 (base 4) to base 13
-621440
What is 373466 (base 14) in base 10?
1891490
Convert -3741221 (base 8) to base 3.
-1221110210200
10fdc (base 16) to base 7
406622
What is 19170 (base 13) in base 12?
24156
What is 5ac090 (base 13) in base 14?
40640c
Convert 230ab (base 13) to base 10.
63854
-548215 (base 9) to base 12
-139635
What is -335415034 (base 6) in base 4?
-113130112132
15db66 (base 14) to base 7
6345356
-80e1 (base 15) to base 10
-27211
Convert 10100111011110100011 (base 2) to base 4.
2213132203
What is c4632 (base 15) in base 7?
5201366
Convert 4706448 (base 10) to base 8.
21750220
Convert 2125791 (base 13) to base 6.
1000204543
-1742139 (base 10) to base 6
-101201243
What is -2185354 (base 9) in base 6?
-41131204
-1140024110 (base 5) to base 14
-4d2954
1133020202 (base 4) to base 14
a2014
Convert -11110002112210 (base 3) to base 4.
-21001012221
14002021400 (base 5) to base 16
10cb862
What is 169791 (base 10) in base 14?
45c3d
3448003 (base 9) to base 15
26bd33
What is -5a151 (base 11) in base 13?
-305c8
Convert 120022211111220 (base 3) to base 6.
450330340
Convert 1001100001000010110001 (base 2) to base 5.
1114312031
342400342 (base 5) to base 10
1528222
What is -5432636 (base 7) in base 16?
-a2083
334264 (base 10) to base 2
1010001100110111000
What is 4123 (base 5) in base 14?
2a6
Convert -1202102202022 (base 3) to base 10.
-933668
Convert -5723288 (base 10) to base 5.
-2431121123
What is -6880a28 (base 11) in base 10?
-12036142
-60072 (base 13) to base 8
-516703
118545 (base 9) to base 2
10001100011010000
37fc51 (base 16) to base 14
6b71a9
-112a730 (base 11) to base 12
-7b3698
Convert 5848634 (base 9) to base 15.
426e2a
135604354 (base 7) to base 11
5047324
Convert -124525 (base 8) to base 12.
-21105
Convert -458554 (base 12) to base 5.
-241113431
6331853 (base 10) to base 11
3635240
Convert -2c7db (base 16) to base 15.
-38ee0
-5103046 (base 7) to base 6
-20554031
Convert -1214583 (base 10) to base 2.
-100101000100001110111
-1107201 (base 8) to base 10
-298625
What is -1a581cb (base 13) in base 12?
-2ab6ba0
-424a42 (base 11) to base 16
-a6082
39049 (base 15) to base 8
544057
What is -11111010000011100000 (base 2) in base 3?
-1221000222020
Convert -23502154 (base 6) to base 12.
-2b795a
Convert -55990 (base 12) to base 8.
-336074
Convert 111010101110110001110 (base 2) to base 10.
1924494
-22101101001011 (base 3) to base 10
-4455679
What is 101011100000101110 (base 2) in base 3?
100001110211
-13311300103 (base 4) to base 7
-23316541
Convert -2192d1 (base 14) to base 10.
-1139335
Convert 315466 (base 8) to base 6.
2131210
-37992a (base 16) to base 15
-4be92a
Convert -13122311 (base 5) to base 16.
-1faaa
Convert 3002323223 (base 5) to base 13.
12b8330
Convert 12546555 (base 7) to base 16.
119f07
What is 213260 (base 7) in base 14?
d7a0
What is -2142314 (base 5) in base 15?
-b059
What is -362723 (base 9) in base 16?
-355bf
-202210321 (base 5) to base 16
-c8105
What is 7c5c81 (base 14) in base 10?
4241945
9b0aaa (base 12) to base 6
124531134
Convert -1010111111101000010101 (base 2) to base 7.
-33332351
What is 101011010100100011 (base 2) in base 16?
2b523
What is -95a7456 (base 11) in base 4?
-1000133111220
-10100102102212 (base 3) to base 7
-21061643
What is -1036260 (base 10) in base 8?
-3747744
What is 74200 (base 10) in base 9?
122704
Convert 1300404142 (base 5) to base 16.
2fe1ff
Convert -1551502 (base 7) to base 2.
-110100010100000111
32ba13 (base 13) to base 15
189969
Convert 1688410 (base 13) to base 2.
11011110110100011001000
-1b2ae6 (base 16) to base 9
-3313282
-1879707 (base 12) to base 3
-100200001111121
What is -110011010011011100110000 (base 2) in base 15?
-12a9d58
121233 (base 7) to base 10
22074
14230104 (base 5) to base 15
2e139
What is -11000111000111111101110 (base 2) in base 11?
-3757297
Convert 2022685 (base 9) to base 16.
107309
What is 21552527 (base 9) in base 15?
dae897
-6877a7 (base 11) to base 3
-2001120021222
Convert 48208 (base 11) to base 14.
1b458
Convert 27fcb9 (base 16) to base 10.
2620601
Convert 1036444 (base 8) to base 9.
463052
What is -64b026 (base 15) in base 11?
-278626a
Convert -111110100011011111 (base 2) to base 14.
-69539
What is -100010011000001001 (base 2) in base 7?
-1124344
What is -746437 (base 9) in base 5?
-103204234
-45b118 (base 12) to base 16
-110fe4
Convert -2110342103 (base 5) to base 3.
-22020220001011
234818a (base 11) to base 6
223441334
Convert -692c6 (base 16) to base 10.
-430790
Convert 1100233031 (base 4) to base 2.
1010000101111001101
Convert -212200213 (base 4) to base 13.
-56a46
What is 626626 (base 8) in base 4?
302312112
3235042 (base 8) to base 11
542306
-1b740 (base 15) to base 14
-24809
-11cd73 (base 16) to base 3
-2012021102101
-102001011011 (base 3) to base 7
-1563454
11630615 (base 7) to base 13
2a9941
What is -4cd85 (base 15) in base 14?
-65950
-29178a (base 13) to base 8
-3647171
What is 96522 (base 11) in base 7?
1123166
-147348 (base 10) to base 3
-21111010100
133355110 (base 6) to base 13
73270b
What is 49114 (base 12) in base 9?
160287
What is 1201221110 (base 4) in base 3?
202022122012
What is -1121020222 (base 4) in base 5?
-43140343
Convert 1bb962 (base 1